*f - 7*f + 76. What is the tens digit of f?
1
Let p be 6/(-21) - 102/(-14). Let g(l) = -l + 8. Let z be g(7). What is the units digit of 0 + p + z + 0?
8
Let r(l) be the first derivative of l**4/4 - l**3/3 + l**2/2 + 2*l - 2. Let j be r(0). What is the units digit of 4 + (j - 4 - -2)?
4
Let u = 76 + -106. What is the units digit of u/(-9)*36/10?
2
Let o be 6/(-15) - (-34)/10. Suppose o*y - 56 = -y. What is the units digit of y?
4
Let w(o) = -o**3. Let s be w(-1). Suppose -s = 2*p - 0*p - 3*j, 5 = j. What is the units digit of p?
7
Let a(i) = -i. Let r = 2 - 8. Let j = r + 4. What is the units digit of a(j)?
2
Let k be 4/(-2) - -2 - -3. Suppose 25 = m + k*t, -2*m = -0*m + 3*t - 53. Suppose -6*i + 2*i = -m. What is the units digit of i?
7
Let z be (-1 + (0 - -1))/2. Suppose z = 2*l - 28 + 2. What is the units digit of l?
3
Let x(h) = 6*h - 11 - 11*h - 11*h + 2. What is the tens digit of x(-4)?
5
Let t = 0 + 5. Suppose d - 4*v + 8 = 0, -t*d + 3*d = 3*v - 17. What is the units digit of d?
4
Suppose 288 = -5*z + 9*z. Suppose 4*o = -2*u + z, -3*u + 4*u + 5*o - 48 = 0. What is the tens digit of u?
2
Suppose -9*y + 340 = -5*y. What is the tens digit of y?
8
Let t = 34 + 199. What is the units digit of t?
3
Let s = 11 - 19. Let y be (-3)/(-4) - 2/s. What is the units digit of -1 + 0 + y + 3?
3
Let w(a) = 23*a + 78. What is the units digit of w(11)?
1
Suppose 0 = -2*r - 5*m + 160, -4*m + 9*m - 20 = 0. What is the tens digit of r?
7
Suppose k + 2*g + 4 = 0, 4*k + 4*g - 5 = -13. Suppose k = -u - 2*l, l - 3*l = 2*u - 8. What is the units digit of u?
8
Let t be (-10)/(-4) + (-2)/(-4). Suppose 6*b + t = 3*b. Let l = b + 4. What is the units digit of l?
3
Suppose 94 = 2*a + 14. Suppose 5*z - a = 2*j, -3*z + 55 = 2*z - 5*j. What is the units digit of (8/z)/(2/6)?
4
Let r(v) = 4*v**2 + 2*v - 2. Let o be r(-2). Suppose 2*k - o = -l, -k - 2*l = l. What is the units digit of k?
6
Suppose 2 = -3*c + 47. Let w = 3 + c. What is the tens digit of w?
1
Let a = 17 - -4. What is the units digit of a?
1
Let w(m) = -m**2 + 5*m. Let y be w(5). Suppose y = -9*i + 6*i + 27. What is the units digit of i?
9
What is the units digit of 2 - (-12)/9*42?
8
Let c(b) = -6*b**2 + b - 7. Let l be (-4)/(-6)*30/4. Let t be c(l). What is the units digit of (-4)/(-10) - t/20?
8
Suppose 2*h - 200 = -2*r, 3*r + h - 165 = 135. What is the units digit of r?
0
Let z(t) = t + 2. Let j be z(5). Suppose 4*x - j = -m + 11, -m + x = 2. What is the tens digit of ((-16)/(-24))/(m/42)?
1
Suppose 3*i + 18 = 4*a, 0 = -2*a - 4*i - 0 - 2. Suppose 0 - 22 = -v - a*w, -2*v - 4*w = -52. What is the units digit of v?
4
Let s(y) be the first derivative of y**2/2 + 7*y + 22. Let p be 1 + -1 + 5 + 0. What is the tens digit of s(p)?
1
Let i be (-171)/6*(-16)/(-12). Let a = 71 + i. What is the tens digit of a?
3
Suppose 3*p + l + 10 = -3*l, 8 = -2*p - 3*l. What is the units digit of p?
2
Let h = 3 - -2. Suppose -h*c + 5 = -5. Let j = c + 7. What is the units digit of j?
9
Let g(p) = -p**3 + 7*p**2 - 6*p + 2. Let n be g(6). Suppose -3*c = n*c - 15. What is the units digit of ((-2)/c)/(10/(-45))?
3
Suppose -5*a + 2*j = -3*j, -5*j - 25 = 0. Let m = 7 + a. Suppose 0 = -r - m*r + 18. What is the units digit of r?
6
Let o be (18 + 1)/(1 + -2). Let s(g) = g**2 + 14*g + 12. Let c be s(-15). Let b = c + o. What is the units digit of b?
8
Let r(y) = -y**3 + 5*y + 2. Let v be r(-3). Suppose 3*o - z = 3*z - v, 0 = 3*o + z + 4. Let c = o - -9. What is the units digit of c?
7
Let i = -8 - -11. Suppose i*z - 2*z - 5 = 0. What is the units digit of z?
5
Suppose -10 = -3*o - 2*o. Suppose o*h + 44 = 4*h. Let q = -12 + h. What is the units digit of q?
0
Suppose 2*y + 30 = 5*y. Suppose -7*q - y = -2*q. Let j = q + 3. What is the units digit of j?
1
Let m be (4 + 0)*(-5)/(-1). Suppose 4*w + 4*o = -m, -3*o + 1 - 7 = 0. Let p(a) = -a**2 - 4*a + 1. What is the units digit of p(w)?
4
Let y = 3 + 1. What is the tens digit of ((-78)/(-9))/(y/6)?
1
Let i(k) = 2*k**2 + 4*k - 6. Let v be i(-5). Suppose -v = 3*r - 5*r. What is the tens digit of r?
1
Suppose g - v - 16 = 0, 5*g + 6*v - 89 = 2*v. What is the units digit of g?
7
Suppose 0 = -20*q + 19*q + 81. What is the tens digit of q?
8
Suppose -a = 1 + 4. Let i be a*(-2)/(-20)*8. Let j(q) = -4*q - 1. What is the tens digit of j(i)?
1
Suppose 5*c - 7 = 2*g + 5, 0 = -3*c + 2*g + 4. What is the units digit of c?
4
Let k(z) = -11*z - 1. Suppose 5 = m + 2. Let g be m*(0 + 2/(-6)). What is the units digit of k(g)?
0
Suppose -5*w = -272 - 138. What is the units digit of w?
2
Let i(f) = -f - 14. Let z be i(0). Let n = 19 + z. What is the units digit of n?
5
Let o(v) = -2*v - 1. Let p be o(-5). Suppose 0 = 4*y - 0*y + 2*f - 26, -p = 3*f. What is the units digit of y?
8
Let x be (0 + 1)/(2/6). Let k(d) = 2*d + 2*d + 0*d - x*d - 1 + d**2. What is the units digit of k(1)?
1
Let a be 3*(0 + -1 - -2). Suppose -2*t - 8 = -a*u, 3 = 5*u + 3*t - 4. Suppose -u*b + 12 = 5*p - 8, 4*b = -5*p + 40. What is the units digit of b?
0
Let q(f) = -2*f**2 + 2*f + 19. What is the tens digit of q(0)?
1
What is the tens digit of (-4 - 1)*84/(-15)?
2
Let j(z) = z**2 - 5*z. Let b be j(5). Suppose -5 = -0*r - r. Suppose -r*f + 4*m = -10, b = -5*f - m + 2*m + 10. What is the units digit of f?
2
Suppose -3*h = -z + 4*z - 255, z = -2*h + 172. What is the tens digit of h?
8
What is the tens digit of (36*4/(-4))/(-1)?
3
Let h = -34 + 49. What is the tens digit of h?
1
What is the hundreds digit of -12*((182/(-8) - -1) + 4)?
2
Suppose -2*w + 6*w - 8 = 0. Let s = 5 - w. Let o(c) = c**3 - 2*c**2 - 3*c + 2. What is the units digit of o(s)?
2
Let l be (-2)/(-4) - 20/(-8). Suppose 53 = 5*s + 3*c, -5*c - 18 = -2*s - l*c. Suppose -6 - s = -2*y. What is the units digit of y?
8
Suppose 16 = 5*w + 6. Suppose -u - w*k = -3*u, 2*u - 3*k = -3. What is the units digit of u?
3
Let g = 8 + -21. Suppose -r + 84 = 3*r. Let q = g + r. What is the units digit of q?
8
Let k be 1 + 2 + 32/(-2). Let q(f) = -f**3 - 14*f**2 - 14*f - 9. Let c be q(k). Suppose -3*d + 32 = -4*z, -c*d - 2*z = -d - 2. What is the units digit of d?
4
Suppose -219 = -o - 4*a, 470 = 2*o + 5*a + 41. What is the hundreds digit of o?
2
Let y be (-5)/(-5)*(2 + -1). Let i(f) = -1. Let t(z) = 2*z**3 - 2*z**2 - z - 3. Let r(h) = y*t(h) - 3*i(h). What is the units digit of r(2)?
6
Let s(z) = z**3 + 7*z**2 - 12*z + 3. What is the tens digit of s(-7)?
8
Suppose -5*c - 2*c = -861. What is the tens digit of c?
2
Suppose 43 + 57 = 4*z. Suppose 45 + z = 5*m. What is the tens digit of m?
1
Let n(j) = j**2 + 16. Let b be n(0). Let c = b - -16. What is the units digit of c?
2
Suppose -4*b - 2*z - 4 = -3*b, 5*b + 3*z = -20. Let x(v) be the first derivative of -v**2 + 4*v + 28. What is the tens digit of x(b)?
1
Let v = 7 + -3. Suppose 2 = v*x - 2. What is the units digit of x/((-1)/(-6)) - 0?
6
Let b = 11 + -6. Suppose -23 + 158 = b*n. What is the units digit of n?
7
Suppose -2*t + 103 = -35. What is the tens digit of t?
6
Let i(p) = 11*p**2 - 3*p + 3. What is the units digit of i(-4)?
1
Suppose 167 = 5*p + l - 238, 2*l = -p + 72. What is the units digit of p?
2
Let x be 9/4 - 2/8. Suppose -5*f + 50 = 5*b + 5, x*f + 10 = 5*b. Suppose -b*p + 2 = d, 0*p = -5*d + 2*p + 54. What is the units digit of d?
0
Let w = 15 - -36. What is the units digit of w?
1
Suppose 0 = -3*s + 3*c - 5*c + 35, s = c + 20. Let f = 1 - s. Let p = f - -20. What is the units digit of p?
6
Let y(x) be the first derivative of x**5/20 + x**4/3 + 3*x**2/2 - 3*x - 1. Let b(o) be the first derivative of y(o). What is the units digit of b(-4)?
3
Let k be 12/20 - (-402)/5. Suppose -4*h - 21 = -k. What is the units digit of h?
5
Let i(q) = -1 - q + 2 - q. Let c(v) = 4*v + 1. Let g be c(-1). What is the units digit of i(g)?
7
Suppose 2*c + 98 = 3*m - 3*c, -2*c + 44 = 2*m. What is the tens digit of m?
2
Suppose 3 + 3 = 3*z. Suppose f = z + 1. What is the units digit of f?
3
Suppose -5*c + 0 - 5 = -g, -3*g + 15 = -c. What is the units digit of g + -4 - (0 + -12)?
3
Suppose 3*j = -3 + 6. Suppose 0 = 3*q - 22 + j. What is the units digit of q?
7
Let d(p) be the first derivative of p**3/3 + 2*p - 3. What is the units digit of d(4)?
8
Suppose -3*j = t + 4*t - 70, 0 = j - t - 34. Let r = j - 13. What is the units digit of r?
7
Let v = -48 + 70. W